r?
True
Is 405575543 a prime number?
True
Is 12768037 a composite number?
True
Is 4161491 a prime number?
False
Is 19098241 a composite number?
True
Is 18386899 composite?
True
Is 8215559 a prime number?
False
Is 8325007 composite?
False
Is 335806387 a prime number?
False
Is 16905821 prime?
True
Is 1268713 a composite number?
False
Is 7243193 prime?
False
Is 1061891 a prime number?
False
Is 299379433 a composite number?
False
Is 651560699 a composite number?
False
Is 624787 composite?
False
Is 1750457 prime?
False
Is 2039677 a composite number?
True
Is 30533023 a prime number?
False
Is 617497747 a prime number?
True
Is 35564173 composite?
False
Is 14872261 a composite number?
True
Is 242814589 a composite number?
True
Is 261958003 composite?
False
Is 1158401 composite?
False
Is 93062833 composite?
True
Is 21273259 a composite number?
True
Is 172352833 composite?
True
Is 46995787 prime?
False
Is 3479341 a prime number?
True
Is 132343478 composite?
True
Is 15409883 a composite number?
True
Is 4046573 composite?
True
Is 5755649 a prime number?
True
Is 4870703 a composite number?
True
Is 103035199 a composite number?
False
Is 1800283 composite?
True
Is 170139763 prime?
False
Is 26209957 a prime number?
True
Is 386219 prime?
True
Is 7956431 a composite number?
True
Is 5012627 a composite number?
False
Is 4155533 prime?
True
Is 4169887 a composite number?
True
Is 53326409 prime?
True
Is 200360189 composite?
False
Is 49527697 prime?
True
Is 12989873 prime?
False
Is 20520743 a composite number?
False
Is 1002331 prime?
False
Is 838691533 composite?
False
Is 293065 prime?
False
Is 21745963 a prime number?
False
Is 258822149 composite?
False
Is 3974969 prime?
True
Is 37304831 a prime number?
True
Is 3177943 a composite number?
False
Is 154579463 prime?
False
Is 1307035 prime?
False
Is 9277943 a composite number?
True
Is 106500173 composite?
True
Is 32606659 composite?
False
Is 13744741 a composite number?
False
Is 127564979 a prime number?
False
Is 560969 composite?
False
Is 32177 composite?
True
Is 56063 a composite number?
True
Is 2579323 prime?
True
Is 4365971 prime?
False
Is 386749501 prime?
False
Is 403861 prime?
True
Is 38649309 a prime number?
False
Is 46956127 composite?
True
Is 2468423 prime?
False
Is 35575897 a prime number?
False
Is 5770333 a composite number?
True
Is 874642 composite?
True
Is 11313179 a composite number?
True
Is 26489359 prime?
False
Is 5493661 a composite number?
False
Is 89489947 a composite number?
False
Is 47581 prime?
True
Is 10165247 a prime number?
False
Is 50865757 a composite number?
False
Is 3066769 prime?
True
Is 1856461 a composite number?
True
Is 84225227 a composite number?
False
Is 41395687 a composite number?
False
Is 2973527 a prime number?
False
Is 94599521 prime?
True
Is 628857821 a composite number?
True
Is 220789 prime?
True
Is 636535639 prime?
False
Is 5176477 a prime number?
True
Is 212089715 a composite number?
True
Is 2154259 a prime number?
True
Is 1657486 prime?
False
Is 2079037 a prime number?
False
Is 1376813 composite?
True
Is 2323873 composite?
False
Is 6530999 a prime number?
True
Is 390787 a prime number?
False
Is 212215867 a composite number?
True
Is 3462707 a composite number?
False
Is 215637 composite?
True
Is 5155037 prime?
True
Is 1532971 composite?
True
Is 8757143 a prime number?
True
Is 7956271 composite?
True
Is 462612063 composite?
True
Is 10843255 a prime number?
False
Is 616827829 prime?
False
Is 81793693 composite?
False
Is 1282663 a composite number?
True
Is 1552487 prime?
False
Is 1736921 a composite number?
False
Is 2723687 a prime number?
True
Is 27910049 a composite number?
False
Is 12530137 composite?
False
Is 28769047 prime?
True
Is 486637 prime?
True
Is 1798387 composite?
False
Is 182089 a prime number?
True
Is 18287113 prime?
False
Is 2462513 prime?
True
Is 6664897 a composite number?
True
Is 645257 a prime number?
True
Is 2920439 a composite number?
True
Is 1246907 a prime number?
True
Is 356637877 composite?
False
Is 28690199 prime?
True
Is 23936359 a composite number?
True
Is 604697 a composite number?
False
Is 99124787 a prime number?
False
Is 173300749 a composite number?
True
Is 19122349 a composite number?
True
Is 74453923 prime?
False
Is 146597 prime?
False
Is 22571417 a composite number?
True
Is 84608221 composite?
False
Is 60750829 prime?
False
Is 580141 prime?
False
Is 604781 composite?
False
Is 392586473 prime?
False
Is 54757691 a prime number?
True
Is 62533 prime?
True
Is 5827741 prime?
False
Is 124779223 prime?
True
Is 1431713 prime?
True
Is 73269877 a prime number?
True
Is 2611547 a composite number?
True
Is 342445947 composite?
True
Is 18811201 prime?
True
Is 8374241 a prime number?
True
Is 1746349 composite?
True
Is 5097931 a prime number?
True
Is 5340446 prime?
False
Is 3176801 a prime number?
True
Is 25414907 a prime number?
False
Is 59455133 composite?
True
Is 236576341 prime?
True
Is 20200205 a prime number?
False
Is 66037999 a prime number?
False
Is 1589842 composite?
True
Is 36542411 prime?
True
Is 7928981 a composite number?
True
Is 12551793 a prime number?
False
Is 1970957 composite?
False
Is 17896763 composite?
True
Is 18394993 prime?
True
Is 4780189 a prime number?
False
Is 1224311 a composite number?
True
Is 1423001 a prime number?
False
Is 27095153 composite?
False
Is 9283361 a composite number?
True
Is 270217729 composite?
False
Is 38144269 composite?
True
Is 1769737 prime?
True
Is 518951651 a prime number?
False
Is 8198753 a prime number?
True
Is 1583999 prime?
True
Is 286375477 composite?
True
Is 25085901 a composite number?
True
Is 226299929 prime?
True
Is 4562221 prime?
False
Is 33125819 a composite number?
True
Is 874661 composite?
False
Is 4889147 a composite number?
False
Is 846210737 prime?
False
Is 444549659 composite?
False
Is 31446949 prime?
True
Is 1696939 composite?
True
Is 12689627 composite?
False
Is 150594161 a prime number?
True
Is 202441 composite?
False
Is 1358195 a prime number?
False
Is 11168453 composite?
False
Is 617282135 composite?
True
Is 782753 composite?
True
Is 99987637 composite?
True
Is 586967 composite?
True
Is 1038155039 prime?
True
Is 201776321 prime?
True
Is 143008993 a prime number?
True
Is 26634467 prime?
True
Is 6050389 a prime number?
True
Is 495771049 a prime number?
False
Is 3734569 a prime number?
True
Is 9739631 a prime number?
False
Is 60567503 a prime number?
True
Is 11106037 prime?
True
Is 46814321 a prime number?
True
Is 1287323 composite?
False
Is 10627423 composite?
False
Is 15105773 prime?
False
Is 373331537 composite?
True
Is 530897 composite?
False
Is 22719527 a prime number?
True
Is 34368853 prime?
False
Is 112814743 prime?
True
Is 2354161 composite?
False
Is 6084137 composite?
False
Is 9163091 a prime number?
False
Is 300707 a composite number?
True
Is 46767811 a composite number?
False
Is 1673773 composite?
True
Is 42493826 composite?
True
Is 578527 composite?
True
Is 2680877 prime?
True
Is 86865761 a prime number?
True
Is 71664569 a prime number?
False
Is 34163081 composite?
True
Is 187728563 a composite number?
True
Is 19965215 composite?
True
Is 4811266 prime?
False
Is 96550747 composite?
False
Is 4720259 prime?
True
Is 62200247 prime?
False
Is 4974826 a prime number?
False
Is 71385659 a composite number?
False
Is 6085733 composite?
True
Is 10010069 prime?
True
Is 44827903 composite?
False
Is 41906561 composite?
True
Is 144505897 composite?
False
Is 3382439 a prime number?
False
Is 252133991 prime?
False
Is 36010763 a prime number?
True
Is 209209901 composite?
False
Is 376690381 a prime number?
True
Is 17785589 a composite number?
True
Is 35358661 a composite number?
True
Is 154021 a prime number?
False
Is 3832655 a prime number?
False
Is 275727 a composite number?
True
Is 1537257 prime?
False
Is 741747 prime?
False
Is 1509727 a composite number?
False
Is 144264371 a prime number?
True
Is 188108853 composite?
True
Is 42071593 prime?
False
Is 12306579 composite?
True
Is 99855521 a prime number?
True
Is 292908719 a prime number?
False
Is 3264263 prime?
True
Is 10835831 prime?
True
Is 5431369 a prime number?
True
Is 944833 composite?
False
Is 39195889 a prime number?
True
Is 7184237 a prime number?
False
Is 9530623 prime?
False
Is 235774897 composite?
False
Is 34134911 prime?
True
Is 